{"id":746,"date":"2023-03-25T19:54:26","date_gmt":"2023-03-25T18:54:26","guid":{"rendered":"https:\/\/ebtr.pl\/?post_type=product&#038;p=746"},"modified":"2025-03-09T08:44:35","modified_gmt":"2025-03-09T07:44:35","slug":"koken-pk4763-5-zestaw-przedluzek-uchylnych-1-2-5szt","status":"publish","type":"product","link":"https:\/\/ebtr.pl\/index.php\/produkt\/koken-pk4763-5-zestaw-przedluzek-uchylnych-1-2-5szt\/","title":{"rendered":"KOKEN PK4763\/5 &#8211; Zestaw przed\u0142u\u017cek uchylnych 1\/2&#8243; (5szt.)"},"content":{"rendered":"<p>Wysokiej jako\u015bci zestaw przed\u0142u\u017cek uchylnych do nasadek 1\/2&#8243; z mocowaniem na kwadrat 1\/2&#8243;. Przed\u0142u\u017cki posiadaj\u0105 6 rade\u0142kowanych zgrubie\u0144 W zestawie znajduj\u0105 si\u0119 przed\u0142u\u017cki o d\u0142ugo\u015bci: 50, 75, 125, 150 i 250mm.<\/p>\n","protected":false},"excerpt":{"rendered":"<p>Wysokiej jako\u015bci zestaw przed\u0142u\u017cek uchylnych do nasadek 1\/2&#8243; z mocowaniem na kwadrat 1\/2&#8243;. Przed\u0142u\u017cki posiadaj\u0105 6 rade\u0142kowanych zgrubie\u0144 W zestawie znajduj\u0105 si\u0119 przed\u0142u\u017cki o d\u0142ugo\u015bci: 50, 75, 125, 150 i 250mm.<\/p>\n","protected":false},"featured_media":747,"comment_status":"open","ping_status":"closed","template":"","meta":{"_eb_attr":"","_uag_custom_page_level_css":"","ub_ctt_via":"","_themeisle_gutenberg_block_has_review":false,"_kad_post_transparent":"default","_kad_post_title":"","_kad_post_layout":"default","_kad_post_sidebar_id":"","_kad_post_content_style":"default","_kad_post_vertical_padding":"default","_kad_post_feature":"","_kad_post_feature_position":"","_kad_post_header":false,"_kad_post_footer":false,"_vp_format_video_url":"","_vp_image_focal_point":[]},"product_cat":[21],"product_tag":[26],"class_list":{"0":"post-746","1":"product","2":"type-product","3":"status-publish","4":"has-post-thumbnail","6":"product_cat-narzedzia-po-pokazowe","7":"product_tag-wyprzedaz","9":"first","10":"instock","11":"sale","12":"taxable","13":"shipping-taxable","14":"purchasable","15":"product-type-simple","16":"entry","17":"content-bg","18":"loop-entry"},"yoast_head":"<!-- This site is optimized with the Yoast SEO plugin v23.3 - https:\/\/yoast.com\/wordpress\/plugins\/seo\/ -->\n<title>KOKEN PK4763\/5 - Zestaw przed\u0142u\u017cek uchylnych 1\/2&quot; (5szt.) - Biuro Techniczne Raczkowski Przemys\u0142aw<\/title>\n<meta name=\"robots\" content=\"index, follow, max-snippet:-1, max-image-preview:large, max-video-preview:-1\" \/>\n<link rel=\"canonical\" href=\"https:\/\/ebtr.pl\/index.php\/produkt\/koken-pk4763-5-zestaw-przedluzek-uchylnych-1-2-5szt\/\" \/>\n<meta property=\"og:locale\" content=\"pl_PL\" \/>\n<meta property=\"og:type\" content=\"article\" \/>\n<meta property=\"og:title\" content=\"KOKEN PK4763\/5 - Zestaw przed\u0142u\u017cek uchylnych 1\/2&quot; (5szt.) - Biuro Techniczne Raczkowski Przemys\u0142aw\" \/>\n<meta property=\"og:description\" content=\"Wysokiej jako\u015bci zestaw przed\u0142u\u017cek uchylnych do nasadek 1\/2&#8243; z mocowaniem na kwadrat 1\/2&#8243;. Przed\u0142u\u017cki posiadaj\u0105 6 rade\u0142kowanych zgrubie\u0144 W zestawie znajduj\u0105 si\u0119 przed\u0142u\u017cki o d\u0142ugo\u015bci: 50, 75, 125, 150 i 250mm.\" \/>\n<meta property=\"og:url\" content=\"https:\/\/ebtr.pl\/index.php\/produkt\/koken-pk4763-5-zestaw-przedluzek-uchylnych-1-2-5szt\/\" \/>\n<meta property=\"og:site_name\" content=\"Biuro Techniczne Raczkowski Przemys\u0142aw\" \/>\n<meta property=\"article:publisher\" content=\"https:\/\/www.facebook.com\/BTRaczkowski\" \/>\n<meta property=\"article:modified_time\" content=\"2025-03-09T07:44:35+00:00\" \/>\n<meta property=\"og:image\" content=\"https:\/\/ebtr.pl\/wp-content\/uploads\/2023\/03\/41X916m8FUL._AC_.jpg\" \/>\n\t<meta property=\"og:image:width\" content=\"500\" \/>\n\t<meta property=\"og:image:height\" content=\"173\" \/>\n\t<meta property=\"og:image:type\" content=\"image\/jpeg\" \/>\n<meta name=\"twitter:card\" content=\"summary_large_image\" \/>\n<script type=\"application\/ld+json\" class=\"yoast-schema-graph\">{\"@context\":\"https:\/\/schema.org\",\"@graph\":[{\"@type\":\"WebPage\",\"@id\":\"https:\/\/ebtr.pl\/index.php\/produkt\/koken-pk4763-5-zestaw-przedluzek-uchylnych-1-2-5szt\/\",\"url\":\"https:\/\/ebtr.pl\/index.php\/produkt\/koken-pk4763-5-zestaw-przedluzek-uchylnych-1-2-5szt\/\",\"name\":\"KOKEN PK4763\/5 - Zestaw przed\u0142u\u017cek uchylnych 1\/2\\\" (5szt.) - Biuro Techniczne Raczkowski Przemys\u0142aw\",\"isPartOf\":{\"@id\":\"https:\/\/ebtr.pl\/#website\"},\"primaryImageOfPage\":{\"@id\":\"https:\/\/ebtr.pl\/index.php\/produkt\/koken-pk4763-5-zestaw-przedluzek-uchylnych-1-2-5szt\/#primaryimage\"},\"image\":{\"@id\":\"https:\/\/ebtr.pl\/index.php\/produkt\/koken-pk4763-5-zestaw-przedluzek-uchylnych-1-2-5szt\/#primaryimage\"},\"thumbnailUrl\":\"https:\/\/ebtr.pl\/wp-content\/uploads\/2023\/03\/41X916m8FUL._AC_.jpg\",\"datePublished\":\"2023-03-25T18:54:26+00:00\",\"dateModified\":\"2025-03-09T07:44:35+00:00\",\"breadcrumb\":{\"@id\":\"https:\/\/ebtr.pl\/index.php\/produkt\/koken-pk4763-5-zestaw-przedluzek-uchylnych-1-2-5szt\/#breadcrumb\"},\"inLanguage\":\"pl-PL\",\"potentialAction\":[{\"@type\":\"ReadAction\",\"target\":[\"https:\/\/ebtr.pl\/index.php\/produkt\/koken-pk4763-5-zestaw-przedluzek-uchylnych-1-2-5szt\/\"]}]},{\"@type\":\"ImageObject\",\"inLanguage\":\"pl-PL\",\"@id\":\"https:\/\/ebtr.pl\/index.php\/produkt\/koken-pk4763-5-zestaw-przedluzek-uchylnych-1-2-5szt\/#primaryimage\",\"url\":\"https:\/\/ebtr.pl\/wp-content\/uploads\/2023\/03\/41X916m8FUL._AC_.jpg\",\"contentUrl\":\"https:\/\/ebtr.pl\/wp-content\/uploads\/2023\/03\/41X916m8FUL._AC_.jpg\",\"width\":500,\"height\":173},{\"@type\":\"BreadcrumbList\",\"@id\":\"https:\/\/ebtr.pl\/index.php\/produkt\/koken-pk4763-5-zestaw-przedluzek-uchylnych-1-2-5szt\/#breadcrumb\",\"itemListElement\":[{\"@type\":\"ListItem\",\"position\":1,\"name\":\"Strona g\u0142\u00f3wna\",\"item\":\"https:\/\/ebtr.pl\/\"},{\"@type\":\"ListItem\",\"position\":2,\"name\":\"Sklep\",\"item\":\"https:\/\/ebtr.pl\/?page_id=584\"},{\"@type\":\"ListItem\",\"position\":3,\"name\":\"KOKEN PK4763\/5 &#8211; Zestaw przed\u0142u\u017cek uchylnych 1\/2&#8243; (5szt.)\"}]},{\"@type\":\"WebSite\",\"@id\":\"https:\/\/ebtr.pl\/#website\",\"url\":\"https:\/\/ebtr.pl\/\",\"name\":\"Biuro Techniczne Raczkowski Przemys\u0142aw\",\"description\":\"Z pasji do narz\u0119dzi, o narz\u0119dziach, narz\u0119dzia.\",\"publisher\":{\"@id\":\"https:\/\/ebtr.pl\/#organization\"},\"alternateName\":\"Biuro Techniczne\",\"potentialAction\":[{\"@type\":\"SearchAction\",\"target\":{\"@type\":\"EntryPoint\",\"urlTemplate\":\"https:\/\/ebtr.pl\/?s={search_term_string}\"},\"query-input\":\"required name=search_term_string\"}],\"inLanguage\":\"pl-PL\"},{\"@type\":\"Organization\",\"@id\":\"https:\/\/ebtr.pl\/#organization\",\"name\":\"BTR\",\"url\":\"https:\/\/ebtr.pl\/\",\"logo\":{\"@type\":\"ImageObject\",\"inLanguage\":\"pl-PL\",\"@id\":\"https:\/\/ebtr.pl\/#\/schema\/logo\/image\/\",\"url\":\"https:\/\/ebtr.pl\/wp-content\/uploads\/2023\/02\/cropped-logo_CB.png\",\"contentUrl\":\"https:\/\/ebtr.pl\/wp-content\/uploads\/2023\/02\/cropped-logo_CB.png\",\"width\":2048,\"height\":977,\"caption\":\"BTR\"},\"image\":{\"@id\":\"https:\/\/ebtr.pl\/#\/schema\/logo\/image\/\"},\"sameAs\":[\"https:\/\/www.facebook.com\/BTRaczkowski\",\"https:\/\/www.instagram.com\/btr_tools\/\"]}]}<\/script>\n<!-- \/ Yoast SEO plugin. -->","yoast_head_json":{"title":"KOKEN PK4763\/5 - Zestaw przed\u0142u\u017cek uchylnych 1\/2\" (5szt.) - Biuro Techniczne Raczkowski Przemys\u0142aw","robots":{"index":"index","follow":"follow","max-snippet":"max-snippet:-1","max-image-preview":"max-image-preview:large","max-video-preview":"max-video-preview:-1"},"canonical":"https:\/\/ebtr.pl\/index.php\/produkt\/koken-pk4763-5-zestaw-przedluzek-uchylnych-1-2-5szt\/","og_locale":"pl_PL","og_type":"article","og_title":"KOKEN PK4763\/5 - Zestaw przed\u0142u\u017cek uchylnych 1\/2\" (5szt.) - Biuro Techniczne Raczkowski Przemys\u0142aw","og_description":"Wysokiej jako\u015bci zestaw przed\u0142u\u017cek uchylnych do nasadek 1\/2&#8243; z mocowaniem na kwadrat 1\/2&#8243;. Przed\u0142u\u017cki posiadaj\u0105 6 rade\u0142kowanych zgrubie\u0144 W zestawie znajduj\u0105 si\u0119 przed\u0142u\u017cki o d\u0142ugo\u015bci: 50, 75, 125, 150 i 250mm.","og_url":"https:\/\/ebtr.pl\/index.php\/produkt\/koken-pk4763-5-zestaw-przedluzek-uchylnych-1-2-5szt\/","og_site_name":"Biuro Techniczne Raczkowski Przemys\u0142aw","article_publisher":"https:\/\/www.facebook.com\/BTRaczkowski","article_modified_time":"2025-03-09T07:44:35+00:00","og_image":[{"width":500,"height":173,"url":"https:\/\/ebtr.pl\/wp-content\/uploads\/2023\/03\/41X916m8FUL._AC_.jpg","type":"image\/jpeg"}],"twitter_card":"summary_large_image","schema":{"@context":"https:\/\/schema.org","@graph":[{"@type":"WebPage","@id":"https:\/\/ebtr.pl\/index.php\/produkt\/koken-pk4763-5-zestaw-przedluzek-uchylnych-1-2-5szt\/","url":"https:\/\/ebtr.pl\/index.php\/produkt\/koken-pk4763-5-zestaw-przedluzek-uchylnych-1-2-5szt\/","name":"KOKEN PK4763\/5 - Zestaw przed\u0142u\u017cek uchylnych 1\/2\" (5szt.) - Biuro Techniczne Raczkowski Przemys\u0142aw","isPartOf":{"@id":"https:\/\/ebtr.pl\/#website"},"primaryImageOfPage":{"@id":"https:\/\/ebtr.pl\/index.php\/produkt\/koken-pk4763-5-zestaw-przedluzek-uchylnych-1-2-5szt\/#primaryimage"},"image":{"@id":"https:\/\/ebtr.pl\/index.php\/produkt\/koken-pk4763-5-zestaw-przedluzek-uchylnych-1-2-5szt\/#primaryimage"},"thumbnailUrl":"https:\/\/ebtr.pl\/wp-content\/uploads\/2023\/03\/41X916m8FUL._AC_.jpg","datePublished":"2023-03-25T18:54:26+00:00","dateModified":"2025-03-09T07:44:35+00:00","breadcrumb":{"@id":"https:\/\/ebtr.pl\/index.php\/produkt\/koken-pk4763-5-zestaw-przedluzek-uchylnych-1-2-5szt\/#breadcrumb"},"inLanguage":"pl-PL","potentialAction":[{"@type":"ReadAction","target":["https:\/\/ebtr.pl\/index.php\/produkt\/koken-pk4763-5-zestaw-przedluzek-uchylnych-1-2-5szt\/"]}]},{"@type":"ImageObject","inLanguage":"pl-PL","@id":"https:\/\/ebtr.pl\/index.php\/produkt\/koken-pk4763-5-zestaw-przedluzek-uchylnych-1-2-5szt\/#primaryimage","url":"https:\/\/ebtr.pl\/wp-content\/uploads\/2023\/03\/41X916m8FUL._AC_.jpg","contentUrl":"https:\/\/ebtr.pl\/wp-content\/uploads\/2023\/03\/41X916m8FUL._AC_.jpg","width":500,"height":173},{"@type":"BreadcrumbList","@id":"https:\/\/ebtr.pl\/index.php\/produkt\/koken-pk4763-5-zestaw-przedluzek-uchylnych-1-2-5szt\/#breadcrumb","itemListElement":[{"@type":"ListItem","position":1,"name":"Strona g\u0142\u00f3wna","item":"https:\/\/ebtr.pl\/"},{"@type":"ListItem","position":2,"name":"Sklep","item":"https:\/\/ebtr.pl\/?page_id=584"},{"@type":"ListItem","position":3,"name":"KOKEN PK4763\/5 &#8211; Zestaw przed\u0142u\u017cek uchylnych 1\/2&#8243; (5szt.)"}]},{"@type":"WebSite","@id":"https:\/\/ebtr.pl\/#website","url":"https:\/\/ebtr.pl\/","name":"Biuro Techniczne Raczkowski Przemys\u0142aw","description":"Z pasji do narz\u0119dzi, o narz\u0119dziach, narz\u0119dzia.","publisher":{"@id":"https:\/\/ebtr.pl\/#organization"},"alternateName":"Biuro Techniczne","potentialAction":[{"@type":"SearchAction","target":{"@type":"EntryPoint","urlTemplate":"https:\/\/ebtr.pl\/?s={search_term_string}"},"query-input":"required name=search_term_string"}],"inLanguage":"pl-PL"},{"@type":"Organization","@id":"https:\/\/ebtr.pl\/#organization","name":"BTR","url":"https:\/\/ebtr.pl\/","logo":{"@type":"ImageObject","inLanguage":"pl-PL","@id":"https:\/\/ebtr.pl\/#\/schema\/logo\/image\/","url":"https:\/\/ebtr.pl\/wp-content\/uploads\/2023\/02\/cropped-logo_CB.png","contentUrl":"https:\/\/ebtr.pl\/wp-content\/uploads\/2023\/02\/cropped-logo_CB.png","width":2048,"height":977,"caption":"BTR"},"image":{"@id":"https:\/\/ebtr.pl\/#\/schema\/logo\/image\/"},"sameAs":["https:\/\/www.facebook.com\/BTRaczkowski","https:\/\/www.instagram.com\/btr_tools\/"]}]}},"uagb_featured_image_src":{"full":["https:\/\/ebtr.pl\/wp-content\/uploads\/2023\/03\/41X916m8FUL._AC_.jpg",500,173,false],"thumbnail":["https:\/\/ebtr.pl\/wp-content\/uploads\/2023\/03\/41X916m8FUL._AC_-150x150.jpg",150,150,true],"medium":["https:\/\/ebtr.pl\/wp-content\/uploads\/2023\/03\/41X916m8FUL._AC_-300x104.jpg",300,104,true],"medium_large":["https:\/\/ebtr.pl\/wp-content\/uploads\/2023\/03\/41X916m8FUL._AC_.jpg",500,173,false],"large":["https:\/\/ebtr.pl\/wp-content\/uploads\/2023\/03\/41X916m8FUL._AC_.jpg",500,173,false],"1536x1536":["https:\/\/ebtr.pl\/wp-content\/uploads\/2023\/03\/41X916m8FUL._AC_.jpg",500,173,false],"2048x2048":["https:\/\/ebtr.pl\/wp-content\/uploads\/2023\/03\/41X916m8FUL._AC_.jpg",500,173,false],"vp_sm":["https:\/\/ebtr.pl\/wp-content\/uploads\/2023\/03\/41X916m8FUL._AC_.jpg",500,173,false],"vp_md":["https:\/\/ebtr.pl\/wp-content\/uploads\/2023\/03\/41X916m8FUL._AC_.jpg",500,173,false],"vp_lg":["https:\/\/ebtr.pl\/wp-content\/uploads\/2023\/03\/41X916m8FUL._AC_.jpg",500,173,false],"vp_xl":["https:\/\/ebtr.pl\/wp-content\/uploads\/2023\/03\/41X916m8FUL._AC_.jpg",500,173,false],"vp_sm_popup":["https:\/\/ebtr.pl\/wp-content\/uploads\/2023\/03\/41X916m8FUL._AC_.jpg",500,173,false],"vp_md_popup":["https:\/\/ebtr.pl\/wp-content\/uploads\/2023\/03\/41X916m8FUL._AC_.jpg",500,173,false],"vp_xl_popup":["https:\/\/ebtr.pl\/wp-content\/uploads\/2023\/03\/41X916m8FUL._AC_.jpg",500,173,false],"woocommerce_thumbnail":["https:\/\/ebtr.pl\/wp-content\/uploads\/2023\/03\/41X916m8FUL._AC_-300x173.jpg",300,173,true],"woocommerce_single":["https:\/\/ebtr.pl\/wp-content\/uploads\/2023\/03\/41X916m8FUL._AC_.jpg",500,173,false],"woocommerce_gallery_thumbnail":["https:\/\/ebtr.pl\/wp-content\/uploads\/2023\/03\/41X916m8FUL._AC_-100x100.jpg",100,100,true]},"uagb_author_info":{"display_name":"admin","author_link":"https:\/\/ebtr.pl\/index.php\/author\/"},"uagb_comment_info":3,"uagb_excerpt":"Wysokiej jako\u015bci zestaw przed\u0142u\u017cek uchylnych do nasadek 1\/2&#8243; z mocowaniem na kwadrat 1\/2&#8243;. Przed\u0142u\u017cki posiadaj\u0105 6 rade\u0142kowanych zgrubie\u0144 W zestawie znajduj\u0105 si\u0119 przed\u0142u\u017cki o d\u0142ugo\u015bci: 50, 75, 125, 150 i 250mm.","_links":{"self":[{"href":"https:\/\/ebtr.pl\/index.php\/wp-json\/wp\/v2\/product\/746","targetHints":{"allow":["GET"]}}],"collection":[{"href":"https:\/\/ebtr.pl\/index.php\/wp-json\/wp\/v2\/product"}],"about":[{"href":"https:\/\/ebtr.pl\/index.php\/wp-json\/wp\/v2\/types\/product"}],"replies":[{"embeddable":true,"href":"https:\/\/ebtr.pl\/index.php\/wp-json\/wp\/v2\/comments?post=746"}],"wp:featuredmedia":[{"embeddable":true,"href":"https:\/\/ebtr.pl\/index.php\/wp-json\/wp\/v2\/media\/747"}],"wp:attachment":[{"href":"https:\/\/ebtr.pl\/index.php\/wp-json\/wp\/v2\/media?parent=746"}],"wp:term":[{"taxonomy":"product_cat","embeddable":true,"href":"https:\/\/ebtr.pl\/index.php\/wp-json\/wp\/v2\/product_cat?post=746"},{"taxonomy":"product_tag","embeddable":true,"href":"https:\/\/ebtr.pl\/index.php\/wp-json\/wp\/v2\/product_tag?post=746"}],"curies":[{"name":"wp","href":"https:\/\/api.w.org\/{rel}","templated":true}]}}